se 6*t - 3*i + 8 = 2*t, 2*i + 2 = -t. Let o be -2 - -2 - t - -3. Suppose 0 = -2*x - 4*p + 146 - 62, 0 = o*x - p - 210. What are the prime factors of x?
2, 3, 7
Suppose 3*i + 3*f = f + 1841, 0 = 4*f + 8. Suppose -y + 4*j + 146 = -157, 2*y = 5*j + i. What are the prime factors of y?
3, 5, 7
Let y be (-3585)/(-6) - 16/(-32). Suppose 6*u - 3*u + 3*a = 588, y = 3*u + 5*a. What are the prime factors of u?
191
Let a be 183 - ((-30)/(-6) - 12). List the prime factors of 3078/4 - (10 + a/(-20)).
769
Let x(l) = -l**2 - 4*l + 9. Let s be x(-5). List the prime factors of (-3 - 722/s)/((-3)/6).
367
Suppose -3 = 3*u, -2*u = -24*r + 19*r + 24667. List the prime factors of r.
4933
Suppose 16 + 38 = -9*m. What are the prime factors of (3 + 39/m)/((-1)/38)?
7, 19
Let z = -179 - -184. Let i = 311 + z. What are the prime factors of i?
2, 79
Let r(j) be the first derivative of j**4/4 - 6*j**3 + 15*j**2/2 + 22*j - 7. Let p be r(17). What are the prime factors of ((-212)/7 + 0)/(p/42)?
2, 53
Let y(z) be the third derivative of z**5/12 - z**4/6 - 4*z**3/3 + 8*z**2. Let l be y(-6). Suppose 70 = -7*c + l. What are the prime factors of c?
2, 3
Let v(t) = 2*t**2 + 17*t + 10. Let l = -9 - -1. Let f be v(l). Suppose f*o - 24 = -o. List the prime factors of o.
2
Suppose 52*y - 18 = 55*y, -y + 19710 = 2*p. List the prime factors of p.
2, 3, 31, 53
Let s be (-12)/(-24) + 6/(-4)*-13. Suppose -3*g = g - s, -3*g + 391 = 4*k. Let b = -76 + k. List the prime factors of b.
2, 3
Suppose 155 + 185 = 5*d. Let q = d + -66. Suppose 2*i = -5*k + 591, 353 = 4*k - k + q*i. What are the prime factors of k?
7, 17
List the prime factors of (1*-2)/(((-848314)/(-56554) + -15)/(-2)).
2, 28277
Suppose 0 = 5*q - 14*q - 7182. Let s = -431 - q. What are the prime factors of s?
367
Let i(b) = -11*b - 31. Let s(u) = 1. Let q(a) = i(a) + 6*s(a). Suppose 0 = 4*j + 4*r + 40, -2*r - 28 = -5*j - 127. List the prime factors of q(j).
2, 3
Let i = -46457 + 88832. What are the prime factors of i?
3, 5, 113
Suppose 3*l - 15*a - 5934 = -12*a, -3*a + 1966 = l. Let y = l - 1096. List the prime factors of y.
3, 293
Let h(w) = w**3 + 3*w**2 - 3*w - 6. Let x be h(-3). List the prime factors of (-7 - (x + -1352))*2/4.
11, 61
Let g = -170 - -1223. What are the prime factors of g?
3, 13
Suppose -4*z = 24*z + 28. What are the prime factors of (z - 5) + (7 + -13 - -115)?
103
Let j = 6321 - 3910. What are the prime factors of j?
2411
Let q = -62 + -123. What are the prime factors of 476 + ((-2)/(-7) - q/(-35))?
3, 157
Let f = 13 + -14. Let x be ((-4)/(24/129))/(f/(-2)). Let s = x - -83. What are the prime factors of s?
2, 5
What are the prime factors of (-21316)/10*(-117)/26 - (-10)/(-50)?
2, 11, 109
Let p(j) = -j**3 - 5*j**2 - 10*j + 19979. List the prime factors of p(0).
19979
Suppose -9*o = -8009 - 18037. Suppose 1685 = 2*n + 5*p, 4*n = p + 443 + o. List the prime factors of n.
5, 167
Suppose -3*m + 49 = 3*y + 2*m, -5*m = -5*y + 95. Let g be (-20)/(-2) + y/(-6). Let n = 37 + g. What are the prime factors of n?
2, 11
Let j(g) = -g + 3. Let i be j(9). Let q be -2*(-705)/i - 3. Let u = q + 338. List the prime factors of u.
2, 5
Let t(m) = -26*m + 1562. What are the prime factors of t(-77)?
2, 3, 11
Let m = -124 + -2. Let v = 121 + m. What are the prime factors of (v + 18/4)*-106?
53
Let j(t) = -154*t**3 - 6*t**2 + 2*t - 1. What are the prime factors of j(-4)?
7, 199
Let o(b) = 2*b**2 - 11*b + 10. Suppose -6*k - k + 35 = 0. Let u be o(k). Suppose -6*v + 11*v + 3*y - 99 = 0, 31 = v - u*y. What are the prime factors of v?
3, 7
Let c(r) be the third derivative of 241*r**5/60 + r**4/12 + 25*r**2. What are the prime factors of c(-1)?
239
Suppose -f + 979 = 369. Let m = -73 + f. What are the prime factors of m?
3, 179
Suppose 49*n + 108 = 55*n. Let r = n + 37. What are the prime factors of r?
5, 11
Let i = -114 + 228. Let q be 1*i + -7*8/(-28). Suppose -14*u + q = -12*u. List the prime factors of u.
2, 29
Let i(w) = -20*w**3 + 8*w**2 + 193*w + 1832. What are the prime factors of i(-10)?
2, 11, 941
Let w(d) = -165*d + 78. Let k(z) = 169*z - 77. Let l(n) = -4*k(n) - 5*w(n). List the prime factors of l(3).
5, 73
Let m be (90/75)/((-4)/30). What are the prime factors of 1/2 - m/((-108)/(-8286))?
691
Suppose 18*n - 17*n = 17. Let b = 78 + -49. Let a = b - n. List the prime factors of a.
2, 3
Suppose 81*g = 38*g + 213237. List the prime factors of g.
3, 19, 29
Let q(l) = -27*l + 15. Let s(z) = 13*z - 6. Let a(g) = -2*q(g) - 5*s(g). What are the prime factors of a(-9)?
3, 11
What are the prime factors of (10722360/1100)/(4/10)?
3, 8123
Let s(r) = 6*r - 5. Let z(l) be the third derivative of -l**5/60 - 7*l**4/24 + l**3 - 9*l**2. Let x(h) = -3*s(h) - 2*z(h). What are the prime factors of x(7)?
73
Let y be -2 - (-1 + -15 + (-1 - -6)). Suppose 102 = -8*g + y*g + 3*c, -333 = -4*g + 3*c. What are the prime factors of g?
3, 29
Let j(w) = 228*w - 23. List the prime factors of j(35).
73, 109
Suppose -4*v = n - 25713, -3*v = n + 2*n - 19287. What are the prime factors of v?
2, 1607
Let c(v) = -2*v - 9. Suppose 0*f + 56 = -8*f. Let g be c(f). What are the prime factors of (24 - (4 - g)) + -3?
2, 11
Suppose 0 = 4*l + 4*i + 11 + 21, -2*i = 8. Let k be (-1)/((16/20)/l). Suppose -q = k*q - 336. List the prime factors of q.
2, 7
Suppose -4*i = 2*j - 37923 - 5141, 5*j = 2*i - 21508. What are the prime factors of i?
2, 3, 13, 23
Let o = -14455 + 27505. What are the prime factors of o?
2, 3, 5, 29
Let c(y) = -34*y + 22. Let z be c(1). List the prime factors of (3500/(-56))/(2/z).
3, 5
Suppose 8*g - 6*g - 34 = 0. Let v = g - 17. Suppose k + 25 = -u + 100, u + 1 = v. What are the prime factors of k?
2, 19
Let d(g) be the first derivative of -25*g**2/2 + 18*g - 1. Suppose 5*m - 4*p = -34, -4*m = -3*p + 129 - 102. List the prime factors of d(m).
2, 3, 7
Let r(j) be the first derivative of -137*j**2/2 + 80*j + 189. List the prime factors of r(-3).
491
Suppose 3*z + 5*p = 26985, 2*p = 5*z + 27509 - 72484. List the prime factors of z.
5, 7, 257
List the prime factors of (-602881)/(-116) - (18/8 - 2).
5197
Let s(r) = -6*r**2 + 636*r + 3. List the prime factors of s(14).
3, 859
Let z(q) = q**3 - 11*q**2 + 9*q + 25. Let t be z(10). Suppose t*f - 30142 + 11857 = 0. What are the prime factors of f?
23, 53
What are the prime factors of ((-648688)/6)/4*(258/(-4))/43?
40543
Let f = 29952 + -15237. What are the prime factors of f?
3, 5, 109
Suppose -3*p - 5*q - 32 - 205 = 0, 0 = 2*q. Let t = p - -89. What are the prime factors of ((-6)/t - 16/(-10)) + 105?
2, 53
Let a = 404 - 406. Let g(b) = -35*b**3 - 5*b**2 - 5*b - 8. What are the prime factors of g(a)?
2, 131
Let q(g) = 6*g - 30. Let m be q(5). Suppose 9 + m = 3*l. Suppose -4*y - l*p + 231 = -2*p, 4*y - p = 241. List the prime factors of y.
59
What are the prime factors of 8/(-16) - ((-24610)/4 - 6)?
2, 3079
Let o = -101 + 347. Suppose 5*x = 9839 + o. Suppose x - 499 = 6*h. What are the prime factors of h?
11, 23
Let h(p) = p**3 - 68*p**2 + 24*p + 55. List the prime factors of h(70).
3, 5, 769
Let y = 44 + -9. Let g = 38 - y. List the prime factors of (-2)/((g/(-61))/3).
2, 61
Let o be (-21)/(4 - (-11)/(-2)). Let s = -25 + o. Let f(a) = -a**3 - 10*a**2 + 8*a + 9. What are the prime factors of f(s)?
2, 3, 7
Let b(k) = 22*k**2 + 200*k - 34. What are the prime factors of b(-36)?
2, 10639
Let i = -3 - -32. Let b = -172 - -179. Suppose -8*j + i = -b*j. List the prime factors of j.
29
Let x = 835 + -816. Suppose 0 = -27*c + x*c + 12456. List the prime factors of c.
3, 173
Suppose 2*d = -4*n + 1132, 692 = -5*d + n + 3522. Suppose d*k = 560*k + 6354. What are the prime factors of k?
3, 353
Let y(t) = t**3 - 7*t**2 + 6*t + 6. Let h be y(6). Let g(p) = 249*p + 58. What are the prime factors of g(h)?
2, 97
Let h(w) = -398*w + 4623. List the prime factors of h(-9).
3, 5, 547
Let f = 18422 + -12394. List the prime factors of f.
2, 11, 137
Let z be (-14)/10 + 2/5. Let j(a) = 216*a**2 - 5*a**2 + 536 + 2*a + 498 - 1034. What are the prime factors of j(z)?
11, 19
What are the prime factors of 140940/14 - (20 - 7 - (-1530)/(-119))?
10067
Let d(c) = 2*c + 8. Let k be d(-3). List the prime factors of ((-6)/9 - k)*(-111)/4.
2, 37
Let d = 498 - 307. What are the prime factors of d/4 - (3 - -4)/(-28)?
2, 3
Let z = 3487 - -11945. What a